ose 0 = -2*k + g*w + 598, -4*k - 33*w = -38*w - 1208. Is k a composite number?
False
Let i be 1 - (-1 + 8) - 4179*-8. Let s = i - 9685. Is s prime?
True
Let v(z) be the first derivative of -21*z + 44/3*z**3 + 45 - 3*z**2. Is v(5) a composite number?
False
Let g be -4*(-12)/(-16) + 17. Suppose g*v + v - 50295 = 0. Is v a prime number?
False
Let u(k) = -3*k**2 + 18*k**2 + 19*k + 47 + k**3 - 11. Let w be u(-15). Let p = w - -376. Is p prime?
True
Let a = 56 - 49. Let l = a - 7. Suppose j + 2539 = 4*d - 531, l = -4*d + 3*j + 3074. Is d a composite number?
True
Let v(u) = 0*u - 7*u + 6*u + 1 + 144*u**2. Let o be v(5). Let f = o - 2011. Is f a composite number?
True
Let z = -16 - -18. Suppose -2*r - 2*r - 1644 = -2*d, -3*r + z*d = 1235. Is 2*(r/(-2) - -3) composite?
True
Suppose -4*q - 30215 = -2*q - 5*b, -3*b - 45270 = 3*q. Is q/((-6)/3 - -1) composite?
True
Suppose -7*a + 16379 = 2778. Suppose 4*u - 9277 = -o + a, 0 = -4*o + 16. Suppose d = -3*d + u. Is d a prime number?
True
Suppose 3*j = -3*v, j + 0*j + 5*v = 0. Suppose -4*k + 5*b + 3277 = j, -k - 2*b + 448 = -368. Let y = k + -489. Is y composite?
True
Suppose -19*k + 484126 - 4094886 = 0. Is (-1)/(-2)*k/(-2 + -2) prime?
False
Let c(j) = -j**3 + j**2 - 2*j - 1. Let w be c(-1). Suppose -b + 1645 = w*n, -2*b = -4*b - 5*n + 3292. Is b a prime number?
False
Suppose -u + 83358 = -5*y, -13*u + 11*u + 166731 = 5*y. Is u prime?
False
Let a(y) = y + 2. Let l be a(3). Let x be 430/43*1/2. Suppose -x*b - l*d = -2595, -3*b - d = -5*d - 1543. Is b a prime number?
False
Let f(v) = -305*v - 11. Is f(-62) a prime number?
True
Let w = -20 + 32. Let s be (w/(-8))/((-1)/2). Is 185*s + (5 + -15)/(-5) a composite number?
False
Suppose 0 = 84*v - 87*v + 2*y + 57323, -38178 = -2*v - 4*y. Is v prime?
False
Let d = -920 - -923. Suppose -2*i - c + 53259 = 0, d*c = -4*i - 4765 + 111288. Is i composite?
False
Suppose 319*u - 466*u + 28597821 = 0. Is u composite?
False
Suppose n = -3*d + d - 3, -d + 5*n = 18. Let c = 191 + d. Is c*(9/12 + 0) a composite number?
True
Suppose -624564 = -64*i + 3062668. Is i composite?
True
Suppose 2*x = 3*h + x - 1431, 0 = -5*h + 3*x + 2389. Let n = -253 + h. Is n a prime number?
True
Let h(t) = 25979*t + 2571. Is h(4) composite?
False
Suppose 5*x + 0*p + 3*p - 26 = 0, -2*x + 6 = -p. Suppose -2633 - 515 = -x*z. Suppose -z + 28 = -3*f. Is f a prime number?
False
Let r(w) = w**3 - 18*w**2 + 25*w - 6. Let z be r(6). Is 90812/18 + 32/z prime?
False
Let z(t) = -29*t**2 + 36*t + 109. Let l be z(-40). Let r = 78348 + l. Is r a composite number?
True
Let i(x) be the second derivative of 193*x**4/12 - 17*x**3/2 - 5*x**2/2 + 18*x - 2. Is i(4) a composite number?
False
Suppose 655*b + 100807 = 660*b - 2*i, 0 = 3*b + 2*i - 60481. Is b composite?
False
Let v(f) = 2*f**2 + 6*f - 5. Let o(r) = -2*r - 11. Let b(g) = -g**3 + 4*g**2 + 10*g + 2. Let m be b(6). Let y be o(m). Is v(y) a prime number?
True
Let b = 86 - 82. Suppose 756 = -3*c + 5*c + o, b*c - 1524 = 4*o. Is c composite?
False
Let n = -32483 + -33141. Is n/(-18) + (-112)/(-504) a composite number?
True
Suppose -o + 3137 = -4770. Is -6 - o*(6/3 + -3) a prime number?
True
Let j = 336927 + -222520. Is j composite?
False
Suppose c + 139 = 5*x - 3288, 4*x = 5*c + 2750. Suppose -9*h + 9901 - x = 0. Suppose -2885 = -z - h. Is z prime?
True
Let m(d) = d**2 + 34*d + 98. Let b be m(-31). Suppose 0 = 4*a - 2*a + 2*u - 960, b*u = -3*a + 1444. Is a composite?
True
Suppose 24 = z + 5*i, -z - 2*i = -0*z - 18. Let q be (16/z)/((-10)/(-35)). Suppose 0 = -4*b - q*b + 9624. Is b a composite number?
True
Let u = -13457 - -68506. Is u prime?
True
Let z(k) = 94135*k**2 - 82*k + 53. Is z(2) prime?
False
Let i(z) = 38*z**3 + 3*z**2 + z. Let u be i(-2). Let l = -600 - u. Let s = 445 - l. Is s composite?
False
Let n(b) = 1440*b - 74. Let z be n(2). Let g = z + 1615. Is g a composite number?
False
Is (206291 - (-14 - -18))/((5 + -1)/4) a composite number?
True
Suppose 2*b - 2*d = 32366, 3*d - 48549 = -137*b + 134*b. Is b a composite number?
False
Let l(u) = 13*u**3 + 3*u**2 - 4*u - 18. Let r(i) = -12*i**3 - 3*i**2 + 5*i + 17. Let b(c) = -4*l(c) - 5*r(c). Is b(9) a prime number?
True
Let d(j) = -2*j**3 - 15*j**2 - 6*j - 9. Let h be (1 + 18/(-14))/(35/(-245)). Let i = -12 + h. Is d(i) a prime number?
False
Suppose -15*p + 736697 + 279418 = 0. Is p composite?
False
Let o(c) = -11*c**2 - 87*c - 45. Let p(u) = 21*u**2 + 173*u + 91. Let y(g) = 11*o(g) + 6*p(g). Is y(-32) prime?
True
Let o(q) = -7*q + 41. Let g be o(5). Is (-25)/(-10) - (-21843)/g prime?
True
Suppose -3 + 7 = -4*s. Let a be (-1 + -2 - s)*-2. Suppose -a*b - c + 558 = 21, 0 = 3*b - c - 401. Is b a prime number?
False
Suppose 317866 = 5*v + 3*y, -5*v + 36*y + 317817 = 32*y. Is v a composite number?
True
Let n(i) = 486*i**2 - 19*i - 54. Let k be n(-20). Suppose -26*l = -40*l + k. Is l composite?
True
Is (5 - 1) + (42641 - (12 - (0 + 8))) prime?
True
Let c(a) = 3*a**2 - 32*a - 51. Let k be c(12). Is (-927)/(-6)*(-46)/k a prime number?
False
Let p(m) = m**2 + 18*m + 92. Let t be p(-34). Suppose 438*o + t = 444*o. Is o a composite number?
True
Suppose 3*n + 2420 - 13850 = m, 0 = 2*n + 3*m - 7631. Let p = n + -2058. Is p composite?
False
Suppose f = -4*o, -o - f = -6*f - 21. Suppose -4*a + 7*r = 12*r - 31791, -r - o = 0. Is a a composite number?
False
Suppose -2*y - 19716 = -2*o - 0*y, o - 9854 = -y. Suppose -k + o = 7*k. Let m = k - 115. Is m prime?
True
Let l be (-250)/2*4*48/(-60). Let c = 1097 + l. Is c a prime number?
False
Let h(j) = -386*j**3 + 49*j + 89. Is h(-9) prime?
False
Let u(v) = 0 + 31 + 2*v - 2. Let d be u(-13). Suppose -186 = -o + 3*h, -o + 727 = d*o + 5*h. Is o a prime number?
False
Let a = 46405 + -28006. Suppose 0 = -9*r - 3072 + a. Is r composite?
True
Suppose -6 = -i, 1771*s - 4*i + 4799440 = 1775*s. Is s a composite number?
True
Suppose q - 6289 = 4026. Is q prime?
False
Suppose 216*l + 864032 = 224*l. Suppose 9*m + 22261 = l. Is m a composite number?
True
Let m = -63 + 59. Let n be ((-246)/4)/(m/(-144)*6). Let c = -220 - n. Is c prime?
True
Let q(j) = j**2 - 4542*j + 4566*j - 2*j**2 + 4 + 0*j**2. Let a be q(24). Suppose y - 6065 = -5*v + a*y, 2426 = 2*v - y. Is v composite?
False
Suppose 271*t - 44421067 = -7*t + 108284055. Is t a prime number?
False
Suppose 0 = 5*s - l + 30, -2*s + 5*l - 20 = -3*s. Let n(i) = -3*i**2 - 14*i - 7. Let g be n(s). Let f = 467 - g. Is f prime?
True
Suppose 19*s = 1056227 + 2517806. Is s a prime number?
True
Let g = 525 + -114. Is g prime?
False
Suppose 0 = -12*z + 7*z + 280. Let m(r) = z*r + 55*r + 54*r**2 - 110*r + 1. Is m(4) a prime number?
False
Let c(r) be the second derivative of r**4/6 + 2*r**3/3 + 5*r**2 + 11*r. Is c(-8) a prime number?
False
Let b = -40405 - -69576. Is b a prime number?
False
Let y(a) = -a**3 - 5*a**2 - 9*a - 17. Let x be y(-5). Let i be ((-8)/6)/(x/(-63)). Suppose -3*t - 316 + 2701 = 4*f, i = f. Is t composite?
True
Let n(m) = 1292*m**3 - 11*m**2 - 21*m + 5. Is n(6) prime?
False
Let a be 20 - (-16)/(-24)*-12. Suppose -19*o - 79119 = -a*o. Is o prime?
False
Let h(i) = 25*i**3 + 4*i**2 + 14*i + 3. Let t = 195 + -189. Is h(t) prime?
False
Let s(g) = -8065*g + 2072. Is s(-55) a prime number?
False
Suppose 3*b - 373791 = -4*r, -4*b = -2*r + 138592 - 637002. Is b a composite number?
False
Let g be -4 + -206 + 3 + 3. Is g/3*(-41)/4*1 a prime number?
False
Let h be (95/10 + 4)/((-4)/(-8)). Let u = h - 10. Suppose 71 + u = 4*j. Is j a prime number?
False
Is 33508632/(-102)*(-21)/12 prime?
False
Let u = 279 + -279. Suppose u = 4*a + 2*a - 1146. Is a prime?
True
Let m = 122867 + -16608. Is m a composite number?
True
Let g = 113792 + 117953. Is g a prime number?
False
Suppose -3907 = -2*n + 4*i + 5693, -i = -n + 4796. Let k = n + -1751. Suppose -t + k = 4*z, 0*t + 4*z = 5*t - 15301. Is t a composite number?
True
Suppose -11*r - 112585 = -5*u - 6*r, -4*r = 6*u - 135042. Is u a composite number?
False
Is ((-4)/(-14) - (-200)/(-112)) + (-708724)/(-8) prime?
True
Suppose -17*a = 20 + 82. Is (((-2428503)/44)/(-7))/(a/(-8)) composite?
False
Is -1 - -412539 - (-122 - -99) a composite number?
False
Suppose -5*r + 0*r = -20. Let y = 11979 + -7736. Suppose r*d - 6441 = y. Is d prime?
True
Let u = -40 - -42. Suppose 693 = 5*t - u*t. Suppose -4*j = 0, 0 = h - 4*